{"id":9386,"date":"2022-12-09T11:09:03","date_gmt":"2022-12-09T09:09:03","guid":{"rendered":"https:\/\/profesionalesdanza.com\/?post_type=tribe_events&#038;p=9386"},"modified":"2022-12-09T11:09:03","modified_gmt":"2022-12-09T09:09:03","slug":"entrenaments-per-a-professionals-gener","status":"publish","type":"tribe_events","link":"https:\/\/profesionalesdanza.com\/es\/evento-danza-valencia\/entrenaments-per-a-professionals-gener\/","title":{"rendered":"ENTRENAMENTS PER A PROFESSIONALS GENER"},"content":{"rendered":"<h2 style=\"text-align: center;\">\nENTRENAMENTS PER A PROFESSIONALS GENER AMB: ROSETA PLASENCIA<\/h2>\n<h4 style=\"text-align: center;\">Continuem a 2023 agitant el cos a <span class=\"xv78j7m xt0e3qv\" spellcheck=\"false\">Espai LaGranja<\/span> amb <span class=\"xv78j7m xt0e3qv\" spellcheck=\"false\">Roseta Plasencia<\/span>!<\/h4>\n<h4><img loading=\"lazy\" decoding=\"async\" class=\"size-medium wp-image-9387 aligncenter\" src=\"https:\/\/profesionalesdanza.com\/wp-content\/uploads\/2022\/12\/Copia-de-Copia-de-Copia-de-Copia-de-Copia-de-Copia-de-Proyecto-Circula-1-300x300.jpg\" alt=\"\" width=\"300\" height=\"300\" \/><\/h4>\n<p>&nbsp;<\/p>\n<h5 style=\"text-align: left;\">\n<p><strong><span class=\"x1xsqp64 xiy17q3 x1o6pynw x19co3pv xdj266r xcwd3tp xat24cr x39eecv x2b8uid\" data-testid=\"emoji\"><span class=\"xexx8yu xn5pp95 x18d9i69 x2fxd7x x1yqt14a x1bhl96m\">\ud83d\udcc5<\/span><\/span>DIES:<\/strong> 13, 20 i 27 de gener<\/p>\n<p><strong><span class=\"x1xsqp64 xiy17q3 x1o6pynw x19co3pv xdj266r xcwd3tp xat24cr x39eecv x2b8uid\" data-testid=\"emoji\"><span class=\"xexx8yu xn5pp95 x18d9i69 x2fxd7x x1yqt14a x1bhl96m\">\ud83e\udd38\u200d\u2640\ufe0f<\/span><\/span>DESCRIPCI\u00d3 DE L&#8217;ENTRENAMENT: \u2028<\/strong><br \/>\nTrain&amp;Play &#8211; Entrenamiento de DANZA CONTEMPOR\u00c1NEA con incursiones en las microbacias y verticales.<br \/>\nEl trabajo de movimiento pone el foco en la calidad de la relaci\u00f3n con el suelo, las entradas y salidas, las recepciones, la suavidad y la integraci\u00f3n de invertidas y peque\u00f1as microbacias en las secuencias de movimiento danzado.<br \/>\nSe explorar\u00e1 c\u00f3mo aportar algo personal y hacer \u201cnuestro\u201d el material coreogr\u00e1fico a trav\u00e9s de ejercicios de improvisaci\u00f3n, as\u00ed como el acondicionamiento f\u00edsico desde el juego, mediante ejercicios de movilidad, coordinaci\u00f3n y fuerza.<\/p>\n<p><em><a class=\"x1fey0fg xmper1u x1edh9d7\" href=\"https:\/\/rosetaplasencia.com\/\" target=\"_blank\" rel=\"noopener\">https:\/\/rosetaplasencia.com\/<\/a><\/em><\/p>\n<p><strong><span class=\"x1xsqp64 xiy17q3 x1o6pynw x19co3pv xdj266r xcwd3tp xat24cr x39eecv x2b8uid\" data-testid=\"emoji\"><span class=\"xexx8yu xn5pp95 x18d9i69 x2fxd7x x1yqt14a x1bhl96m\">\ud83d\udcdd<\/span><\/span>Link d\u2019inscripci\u00f3:<\/strong> <a class=\"x1fey0fg xmper1u x1edh9d7\" href=\"https:\/\/www.eventbrite.es\/e\/entradas-entrenaments-de-contemporani-amb-roseta-plasencia-483686749087\" target=\"_blank\" rel=\"noopener\">https:\/\/www.eventbrite.es\/e\/entradas-entrenaments-de-contemporani-amb-roseta-plasencia-483686749087<\/a><\/h5>\n","protected":false},"excerpt":{"rendered":"<p>ENTRENAMENTS PER A PROFESSIONALS GENER AMB: ROSETA PLASENCIA Continuem a 2023 agitant el cos a Espai LaGranja amb Roseta Plasencia! &nbsp; \ud83d\udcc5DIES: 13, 20 i 27 de gener \ud83e\udd38\u200d\u2640\ufe0fDESCRIPCI\u00d3 DE [&hellip;]<\/p>\n","protected":false},"author":351,"featured_media":9387,"template":"","meta":{"_acf_changed":false,"_et_pb_use_builder":"","_et_pb_old_content":"","_et_gb_content_width":"","_tribe_events_status":"","_tribe_events_status_reason":"","footnotes":""},"tags":[],"tribe_events_cat":[92],"class_list":["post-9386","tribe_events","type-tribe_events","status-publish","has-post-thumbnail","hentry","tribe_events_cat-formacio","cat_formacio"],"acf":[],"_links":{"self":[{"href":"https:\/\/profesionalesdanza.com\/es\/wp-json\/wp\/v2\/tribe_events\/9386","targetHints":{"allow":["GET"]}}],"collection":[{"href":"https:\/\/profesionalesdanza.com\/es\/wp-json\/wp\/v2\/tribe_events"}],"about":[{"href":"https:\/\/profesionalesdanza.com\/es\/wp-json\/wp\/v2\/types\/tribe_events"}],"author":[{"embeddable":true,"href":"https:\/\/profesionalesdanza.com\/es\/wp-json\/wp\/v2\/users\/351"}],"version-history":[{"count":1,"href":"https:\/\/profesionalesdanza.com\/es\/wp-json\/wp\/v2\/tribe_events\/9386\/revisions"}],"predecessor-version":[{"id":9389,"href":"https:\/\/profesionalesdanza.com\/es\/wp-json\/wp\/v2\/tribe_events\/9386\/revisions\/9389"}],"wp:featuredmedia":[{"embeddable":true,"href":"https:\/\/profesionalesdanza.com\/es\/wp-json\/wp\/v2\/media\/9387"}],"wp:attachment":[{"href":"https:\/\/profesionalesdanza.com\/es\/wp-json\/wp\/v2\/media?parent=9386"}],"wp:term":[{"taxonomy":"post_tag","embeddable":true,"href":"https:\/\/profesionalesdanza.com\/es\/wp-json\/wp\/v2\/tags?post=9386"},{"taxonomy":"tribe_events_cat","embeddable":true,"href":"https:\/\/profesionalesdanza.com\/es\/wp-json\/wp\/v2\/tribe_events_cat?post=9386"}],"curies":[{"name":"wp","href":"https:\/\/api.w.org\/{rel}","templated":true}]}}

<h2 style="text-align: center;">
ENTRENAMENTS PER A PROFESSIONALS GENER AMB: ROSETA PLASENCIA</h2>
<h4 style="text-align: center;">Continuem a 2023 agitant el cos a <span class="xv78j7m xt0e3qv" spellcheck="false">Espai LaGranja</span> amb <span class="xv78j7m xt0e3qv" spellcheck="false">Roseta Plasencia</span>!</h4>
<h4><img loading="lazy" decoding="async" class="size-medium wp-image-9387 aligncenter" src="https://profesionalesdanza.com/wp-content/uploads/2022/12/Copia-de-Copia-de-Copia-de-Copia-de-Copia-de-Copia-de-Proyecto-Circula-1-300x300.jpg" alt="" width="300" height="300" /></h4>
<p>&nbsp;</p>
<h5 style="text-align: left;">
<p><strong><span class="x1xsqp64 xiy17q3 x1o6pynw x19co3pv xdj266r xcwd3tp xat24cr x39eecv x2b8uid" data-testid="emoji"><span class="xexx8yu xn5pp95 x18d9i69 x2fxd7x x1yqt14a x1bhl96m">📅</span></span>DIES:</strong> 13, 20 i 27 de gener</p>
<p><strong><span class="x1xsqp64 xiy17q3 x1o6pynw x19co3pv xdj266r xcwd3tp xat24cr x39eecv x2b8uid" data-testid="emoji"><span class="xexx8yu xn5pp95 x18d9i69 x2fxd7x x1yqt14a x1bhl96m">🤸‍♀️</span></span>DESCRIPCIÓ DE L&#8217;ENTRENAMENT:  </strong><br />
Train&amp;Play &#8211; Entrenamiento de DANZA CONTEMPORÁNEA con incursiones en las microbacias y verticales.<br />
El trabajo de movimiento pone el foco en la calidad de la relación con el suelo, las entradas y salidas, las recepciones, la suavidad y la integración de invertidas y pequeñas microbacias en las secuencias de movimiento danzado.<br />
Se explorará cómo aportar algo personal y hacer “nuestro” el material coreográfico a través de ejercicios de improvisación, así como el acondicionamiento físico desde el juego, mediante ejercicios de movilidad, coordinación y fuerza.</p>
<p><em><a class="x1fey0fg xmper1u x1edh9d7" href="https://rosetaplasencia.com/" target="_blank" rel="noopener">https://rosetaplasencia.com/</a></em></p>
<p><strong><span class="x1xsqp64 xiy17q3 x1o6pynw x19co3pv xdj266r xcwd3tp xat24cr x39eecv x2b8uid" data-testid="emoji"><span class="xexx8yu xn5pp95 x18d9i69 x2fxd7x x1yqt14a x1bhl96m">📝</span></span>Link d’inscripció:</strong> <a class="x1fey0fg xmper1u x1edh9d7" href="https://www.eventbrite.es/e/entradas-entrenaments-de-contemporani-amb-roseta-plasencia-483686749087" target="_blank" rel="noopener">https://www.eventbrite.es/e/entradas-entrenaments-de-contemporani-amb-roseta-plasencia-483686749087</a></h5>

<p>ENTRENAMENTS PER A PROFESSIONALS GENER AMB: ROSETA PLASENCIA Continuem a 2023 agitant el cos a Espai LaGranja amb Roseta Plasencia! &nbsp; 📅DIES: 13, 20 i 27 de gener 🤸‍♀️DESCRIPCIÓ DE [&hellip;]</p>
