{"id":10525,"date":"2023-10-25T07:06:59","date_gmt":"2023-10-25T05:06:59","guid":{"rendered":"https:\/\/profesionalesdanza.com\/?post_type=tribe_events&#038;p=10525"},"modified":"2023-10-25T07:06:59","modified_gmt":"2023-10-25T05:06:59","slug":"xv-jornades-de-la-salut-en-dansa","status":"publish","type":"tribe_events","link":"https:\/\/profesionalesdanza.com\/es\/evento-danza-valencia\/xv-jornades-de-la-salut-en-dansa\/","title":{"rendered":"XV JORNADES DE LA SALUT EN DANSA"},"content":{"rendered":"<h2>Q\u00fcestions vitals en la salut de les ballarines. Impacte hormonal en el rendiment f\u00edsic<\/h2>\n<p>Sistema hormonal de la dona. Metabolisme i anatomia femenina. Cicle menstrual com a signe vital.<br \/>\nEstructura anat\u00f2mica femenina en moviment. Entrenament espec\u00edfic en la dona.Nutrici\u00f3 i nivells energ\u00e8tics. Situacions d&#8217;alerta. Normalitzaci\u00f3 i visibilitzaci\u00f3 de la menstruaci\u00f3, l&#8217;embar\u00e0s i la perimenopausia en l&#8217;exercici f\u00edsic.<\/p>\n<h3>Impartit per:Luc\u00eda Carmona \u00c1lamos,<\/h3>\n<p>Graduada en Ci\u00e8ncies de l&#8217;Activitat F\u00edsica i l&#8217;Esport, coeducadora especialista en Dona, Esport i Igualtat. Impartisc formacions i tallers sobre q\u00fcestions vitals en la salut de les esportistes en totes les etapes de la dona i salut menstrual, done xarrades d&#8217;igualtat en l&#8217;esport i prevenci\u00f3 de viol\u00e8ncies en el mateix en totes les etapes educatives, i impartisc cursos i seminaris sobre coeducaci\u00f3 en educaci\u00f3 f\u00edsica. Ex esportista d&#8217;alt rendiment i professora de Pilates per STOTT Pilates des dels 16 anys, vaig comen\u00e7ar a interessar-me per les lesions associades a les activitats fisicoesportives i, m\u00e9s endavant quan tamb\u00e9 realitzava entrenaments personals, en com estes tenien relaci\u00f3 amb els nivells energ\u00e8tics i la ciclicitat femenina.<\/p>\n<p><strong>LLOC<\/strong><br \/>\nConservatori Superior de Dansa de Val\u00e8ncia Nacho Duato (CSDV)<br \/>\nC\/ Cam\u00ed de Vera 29. 46022. Val\u00e8ncia<\/p>\n<p><strong>PREUS:<\/strong><br \/>\nSOCIS APDCV: GRATUIT<br \/>\nESTUDIANTS ISEACV: GRATUIT<br \/>\nNO SOCIS APDCV: 40 \u20ac<br \/>\nSOCIS ALTRES ASOCIACIONS AAEE: 30\u20ac<\/p>\n<p><strong>M\u00c9S INFO<\/strong><br \/>\nWWW.PROFESIONALESDANZA.COM<br \/>\napdcv@profesionalesdanza.com<br \/>\n680 42 40 76<\/p>\n<p>*Dirigit a docents, professionals i alumnat de dansa<\/p>\n","protected":false},"excerpt":{"rendered":"<p>Q\u00fcestions vitals en la salut de les ballarines. Impacte hormonal en el rendiment f\u00edsic Sistema hormonal de la dona. Metabolisme i anatomia femenina. Cicle menstrual com a signe vital. Estructura [&hellip;]<\/p>\n","protected":false},"author":1,"featured_media":10486,"template":"","meta":{"_acf_changed":false,"_et_pb_use_builder":"","_et_pb_old_content":"","_et_gb_content_width":"","_tribe_events_status":"","_tribe_events_status_reason":"","footnotes":""},"tags":[],"tribe_events_cat":[91],"class_list":["post-10525","tribe_events","type-tribe_events","status-publish","has-post-thumbnail","hentry","tribe_events_cat-altres-esdeveniments","cat_altres-esdeveniments"],"acf":[],"_links":{"self":[{"href":"https:\/\/profesionalesdanza.com\/es\/wp-json\/wp\/v2\/tribe_events\/10525","targetHints":{"allow":["GET"]}}],"collection":[{"href":"https:\/\/profesionalesdanza.com\/es\/wp-json\/wp\/v2\/tribe_events"}],"about":[{"href":"https:\/\/profesionalesdanza.com\/es\/wp-json\/wp\/v2\/types\/tribe_events"}],"author":[{"embeddable":true,"href":"https:\/\/profesionalesdanza.com\/es\/wp-json\/wp\/v2\/users\/1"}],"version-history":[{"count":1,"href":"https:\/\/profesionalesdanza.com\/es\/wp-json\/wp\/v2\/tribe_events\/10525\/revisions"}],"predecessor-version":[{"id":10526,"href":"https:\/\/profesionalesdanza.com\/es\/wp-json\/wp\/v2\/tribe_events\/10525\/revisions\/10526"}],"wp:featuredmedia":[{"embeddable":true,"href":"https:\/\/profesionalesdanza.com\/es\/wp-json\/wp\/v2\/media\/10486"}],"wp:attachment":[{"href":"https:\/\/profesionalesdanza.com\/es\/wp-json\/wp\/v2\/media?parent=10525"}],"wp:term":[{"taxonomy":"post_tag","embeddable":true,"href":"https:\/\/profesionalesdanza.com\/es\/wp-json\/wp\/v2\/tags?post=10525"},{"taxonomy":"tribe_events_cat","embeddable":true,"href":"https:\/\/profesionalesdanza.com\/es\/wp-json\/wp\/v2\/tribe_events_cat?post=10525"}],"curies":[{"name":"wp","href":"https:\/\/api.w.org\/{rel}","templated":true}]}}

<h2>Qüestions vitals en la salut de les ballarines. Impacte hormonal en el rendiment físic</h2>
<p>Sistema hormonal de la dona. Metabolisme i anatomia femenina. Cicle menstrual com a signe vital.<br />
Estructura anatòmica femenina en moviment. Entrenament específic en la dona.Nutrició i nivells energètics. Situacions d&#8217;alerta. Normalització i visibilització de la menstruació, l&#8217;embaràs i la perimenopausia en l&#8217;exercici físic.</p>
<h3>Impartit per:Lucía Carmona Álamos,</h3>
<p>Graduada en Ciències de l&#8217;Activitat Física i l&#8217;Esport, coeducadora especialista en Dona, Esport i Igualtat. Impartisc formacions i tallers sobre qüestions vitals en la salut de les esportistes en totes les etapes de la dona i salut menstrual, done xarrades d&#8217;igualtat en l&#8217;esport i prevenció de violències en el mateix en totes les etapes educatives, i impartisc cursos i seminaris sobre coeducació en educació física. Ex esportista d&#8217;alt rendiment i professora de Pilates per STOTT Pilates des dels 16 anys, vaig començar a interessar-me per les lesions associades a les activitats fisicoesportives i, més endavant quan també realitzava entrenaments personals, en com estes tenien relació amb els nivells energètics i la ciclicitat femenina.</p>
<p><strong>LLOC</strong><br />
Conservatori Superior de Dansa de València Nacho Duato (CSDV)<br />
C/ Camí de Vera 29. 46022. València</p>
<p><strong>PREUS:</strong><br />
SOCIS APDCV: GRATUIT<br />
ESTUDIANTS ISEACV: GRATUIT<br />
NO SOCIS APDCV: 40 €<br />
SOCIS ALTRES ASOCIACIONS AAEE: 30€</p>
<p><strong>MÉS INFO</strong><br />
WWW.PROFESIONALESDANZA.COM<br />
apdcv@profesionalesdanza.com<br />
680 42 40 76</p>
<p>*Dirigit a docents, professionals i alumnat de dansa</p>

<p>Qüestions vitals en la salut de les ballarines. Impacte hormonal en el rendiment físic Sistema hormonal de la dona. Metabolisme i anatomia femenina. Cicle menstrual com a signe vital. Estructura [&hellip;]</p>
