{"id":10520,"date":"2023-10-25T07:03:56","date_gmt":"2023-10-25T05:03:56","guid":{"rendered":"https:\/\/profesionalesdanza.com\/?post_type=tribe_events&#038;p=10520"},"modified":"2023-10-25T07:03:56","modified_gmt":"2023-10-25T05:03:56","slug":"xv-jornades-de-la-salut-en-dansa-2023","status":"publish","type":"tribe_events","link":"https:\/\/profesionalesdanza.com\/es\/evento-danza-valencia\/xv-jornades-de-la-salut-en-dansa-2023\/","title":{"rendered":"XV JORNADES DE LA SALUT EN DANSA"},"content":{"rendered":"<h2>Conceptualitzaci\u00f3 del sobreentrenament en la classe de dansa.<\/h2>\n<h3><strong>25 D&#8217;OCTUBRE DE 2023<\/strong><\/h3>\n<p>El sobreentrenament \u00e9s un quadre de fatiga extrema en el qual l&#8217;organisme ha perdut la capacitat de recuperaci\u00f3. La sobreexigencia i la professionalitzaci\u00f3 primerenca pr\u00f2pies de la dansa propicien endinsar-se amb facilitat en esta s\u00edndrome complexa, encara que despr\u00e9s siga tremendament complex de revertir. Esta s\u00edndrome posseeix una gran varietat de s\u00edmptomes que dificulten la seua caracteritzaci\u00f3. Dins d&#8217;esta sessi\u00f3 es focalitzar\u00e0 en el reconeixement dels primers senyals que permeten realitzar una detecci\u00f3 preco\u00e7 del sobreentrenament, aix\u00ed com identificar els factors que ajuden a la prevenci\u00f3 amb l&#8217;objectiu de promoure la dansa des de la salut.<\/p>\n<h3>Impartit per: F\u00e1tima S\u00e1nchez Bele\u00f1a<\/h3>\n<p>Doctora en Psicologia per la Universidad Complutense de Madrid. Catedr\u00e0tica de Psicopedagogia i Gesti\u00f3 Educativa en el Conservatori Superior de Dansa \u00abMar\u00eda d&#8217;\u00c0vila\u00bb , impartint diferents assignatures relacionades amb la psicologia. Professora Associada en la Universitat Antonio de Nebrija impartint l&#8217;assignatura de Psicologia aplicada a l&#8217;Activitat F\u00edsica i l&#8217;Esport en el Grau de Ci\u00e8ncies de l&#8217;Activitat F\u00edsica i l&#8217;Esport. Coordinadora de la Revista de Psicologia Aplicada a l&#8217;Esport i a l&#8217;Exercici F\u00edsic editada pel Col\u00b7legi Oficial de Psic\u00f2legs de Madrid.<\/p>\n<p><strong>LLOC<\/strong><br \/>\nConservatori Superior de Dansa de Val\u00e8ncia Nacho Duato (CSDV)<br \/>\nC\/ Cam\u00ed de Vera 29. 46022. Val\u00e8ncia<\/p>\n<p><strong>PREUS:<\/strong><br \/>\nSOCIS APDCV: GRATUIT<br \/>\nESTUDIANTS ISEACV: GRATUIT<br \/>\nNO SOCIS APDCV: 40 \u20ac<br \/>\nSOCIS ALTRES ASOCIACIONS AAEE: 30\u20ac<\/p>\n<p><strong>M\u00c9S INFO<\/strong><br \/>\nWWW.PROFESIONALESDANZA.COM<br \/>\napdcv@profesionalesdanza.com<br \/>\n680 42 40 76<\/p>\n<p>*Dirigit a docents, professionals i alumnat de dansa<\/p>\n","protected":false},"excerpt":{"rendered":"<p>Conceptualitzaci\u00f3 del sobreentrenament en la classe de dansa. 25 D&#8217;OCTUBRE DE 2023 El sobreentrenament \u00e9s un quadre de fatiga extrema en el qual l&#8217;organisme ha perdut la capacitat de recuperaci\u00f3. [&hellip;]<\/p>\n","protected":false},"author":1,"featured_media":10486,"template":"","meta":{"_acf_changed":false,"_et_pb_use_builder":"","_et_pb_old_content":"","_et_gb_content_width":"","_tribe_events_status":"","_tribe_events_status_reason":"","footnotes":""},"tags":[],"tribe_events_cat":[91],"class_list":["post-10520","tribe_events","type-tribe_events","status-publish","has-post-thumbnail","hentry","tribe_events_cat-altres-esdeveniments","cat_altres-esdeveniments"],"acf":[],"_links":{"self":[{"href":"https:\/\/profesionalesdanza.com\/es\/wp-json\/wp\/v2\/tribe_events\/10520","targetHints":{"allow":["GET"]}}],"collection":[{"href":"https:\/\/profesionalesdanza.com\/es\/wp-json\/wp\/v2\/tribe_events"}],"about":[{"href":"https:\/\/profesionalesdanza.com\/es\/wp-json\/wp\/v2\/types\/tribe_events"}],"author":[{"embeddable":true,"href":"https:\/\/profesionalesdanza.com\/es\/wp-json\/wp\/v2\/users\/1"}],"version-history":[{"count":2,"href":"https:\/\/profesionalesdanza.com\/es\/wp-json\/wp\/v2\/tribe_events\/10520\/revisions"}],"predecessor-version":[{"id":10522,"href":"https:\/\/profesionalesdanza.com\/es\/wp-json\/wp\/v2\/tribe_events\/10520\/revisions\/10522"}],"wp:featuredmedia":[{"embeddable":true,"href":"https:\/\/profesionalesdanza.com\/es\/wp-json\/wp\/v2\/media\/10486"}],"wp:attachment":[{"href":"https:\/\/profesionalesdanza.com\/es\/wp-json\/wp\/v2\/media?parent=10520"}],"wp:term":[{"taxonomy":"post_tag","embeddable":true,"href":"https:\/\/profesionalesdanza.com\/es\/wp-json\/wp\/v2\/tags?post=10520"},{"taxonomy":"tribe_events_cat","embeddable":true,"href":"https:\/\/profesionalesdanza.com\/es\/wp-json\/wp\/v2\/tribe_events_cat?post=10520"}],"curies":[{"name":"wp","href":"https:\/\/api.w.org\/{rel}","templated":true}]}}

<h2>Conceptualització del sobreentrenament en la classe de dansa.</h2>
<h3><strong>25 D&#8217;OCTUBRE DE 2023</strong></h3>
<p>El sobreentrenament és un quadre de fatiga extrema en el qual l&#8217;organisme ha perdut la capacitat de recuperació. La sobreexigencia i la professionalització primerenca pròpies de la dansa propicien endinsar-se amb facilitat en esta síndrome complexa, encara que després siga tremendament complex de revertir. Esta síndrome posseeix una gran varietat de símptomes que dificulten la seua caracterització. Dins d&#8217;esta sessió es focalitzarà en el reconeixement dels primers senyals que permeten realitzar una detecció precoç del sobreentrenament, així com identificar els factors que ajuden a la prevenció amb l&#8217;objectiu de promoure la dansa des de la salut.</p>
<h3>Impartit per: Fátima Sánchez Beleña</h3>
<p>Doctora en Psicologia per la Universidad Complutense de Madrid. Catedràtica de Psicopedagogia i Gestió Educativa en el Conservatori Superior de Dansa «María d&#8217;Àvila» , impartint diferents assignatures relacionades amb la psicologia. Professora Associada en la Universitat Antonio de Nebrija impartint l&#8217;assignatura de Psicologia aplicada a l&#8217;Activitat Física i l&#8217;Esport en el Grau de Ciències de l&#8217;Activitat Física i l&#8217;Esport. Coordinadora de la Revista de Psicologia Aplicada a l&#8217;Esport i a l&#8217;Exercici Físic editada pel Col·legi Oficial de Psicòlegs de Madrid.</p>
<p><strong>LLOC</strong><br />
Conservatori Superior de Dansa de València Nacho Duato (CSDV)<br />
C/ Camí de Vera 29. 46022. València</p>
<p><strong>PREUS:</strong><br />
SOCIS APDCV: GRATUIT<br />
ESTUDIANTS ISEACV: GRATUIT<br />
NO SOCIS APDCV: 40 €<br />
SOCIS ALTRES ASOCIACIONS AAEE: 30€</p>
<p><strong>MÉS INFO</strong><br />
WWW.PROFESIONALESDANZA.COM<br />
apdcv@profesionalesdanza.com<br />
680 42 40 76</p>
<p>*Dirigit a docents, professionals i alumnat de dansa</p>

<p>Conceptualització del sobreentrenament en la classe de dansa. 25 D&#8217;OCTUBRE DE 2023 El sobreentrenament és un quadre de fatiga extrema en el qual l&#8217;organisme ha perdut la capacitat de recuperació. [&hellip;]</p>
