{"id":10502,"date":"2023-10-24T17:37:37","date_gmt":"2023-10-24T15:37:37","guid":{"rendered":"https:\/\/profesionalesdanza.com\/?post_type=tribe_events&#038;p=10502"},"modified":"2023-10-24T17:37:37","modified_gmt":"2023-10-24T15:37:37","slug":"javier-j-hedrosa-y-paula-romero-lo-memorable-en-congreso-de-estudios-teatrales-institut-del-teatre","status":"publish","type":"tribe_events","link":"https:\/\/profesionalesdanza.com\/es\/evento-danza-valencia\/javier-j-hedrosa-y-paula-romero-lo-memorable-en-congreso-de-estudios-teatrales-institut-del-teatre\/","title":{"rendered":"JAVIER J HEDROSA Y PAULA ROMERO. LO MEMORABLE en Congreso de Estudios Teatrales, Institut del Teatre"},"content":{"rendered":"<h2>Lo Memorable. Paula Romero i Javier J Hedrosa, Congreso de Estudios Teatrales, Institut del Teatre, Barcelona.<\/h2>\n<p>&nbsp;<\/p>\n<p><strong>RESUMEN DEL PROYECTO<\/strong><\/p>\n<p><strong>Lo Memorable<\/strong>\u00a0es un proyecto de investigaci\u00f3n que se centra en la figura del espectadorx de artes esc\u00e9nicas. Concretamente, en la recepci\u00f3n de la obra por parte de estx. La pregunta principal es: \u00bfQu\u00e9 se recuerda del hecho esc\u00e9nico? Teniendo en cuenta que su caracter\u00edstica principal es su car\u00e1cter ef\u00edmero, la obra esc\u00e9nica se produce, se estrena, se repite y despu\u00e9s no queda nada. Algunos documentos legitiman ese hecho esc\u00e9nico como la hoja de sala, las fotograf\u00edas, la grabaci\u00f3n, las cr\u00edticas, etc. Pero, en pocas ocasiones nos centramos en la experiencia del espectador, su recuerdo y su testimonio.<\/p>\n<p><strong>Lo Memorable<\/strong>\u00a0es un archivo de experiencias esc\u00e9nicas de diferentes espectadores y espectadoras, que se han transmitido de forma oral y cuyo registro grabado, en forma de audio y transcripci\u00f3n, se comparten en un\u00a0<a href=\"https:\/\/lomemorable.com\/\" target=\"_blank\" rel=\"noopener\"><strong>archivo web<\/strong><\/a>, en el que tambi\u00e9n se puede encontrar la fuente y la fecha de recepci\u00f3n\/grabaci\u00f3n del testimonio.<\/p>\n<p>Adem\u00e1s del archivo y la transcripci\u00f3n de los testimonios de espectadorxs, hemos querido trabajar la cuesti\u00f3n coreogr\u00e1fica. Hemos decidido inscribir memorias esc\u00e9nicas en un lin\u00f3leo de danza, como el espacio que, por norma, sirve de soporte de quien ejecuta danzas, movimientos o act\u00faa en un espacio esc\u00e9nico convencional.<\/p>\n<p>Por una parte, grabar sobre lin\u00f3leo significa quitar, rascar, escarbar y excavar en el material, pero tambi\u00e9n en las memorias de espectadorxs. Trae del pasado un recuerdo al presente y, a su vez,\u00a0 el gesto de grabar en presente registra una huella o un trazo para el futuro. Esto dibuja una l\u00ednea en la que pasado, presente y futuro se disuelven.\u00a0Por otra parte, el origen de lo coreogr\u00e1fico es una idea embrionaria en la danza acad\u00e9mica francesa del siglo XVII. En sus or\u00edgenes,\u00a0<i>la escritura de la danza<\/i>, atendiendo a la etimolog\u00eda de \u2018coreograf\u00eda\u2019, es un gesto o un trazo antes de que la propia danza se produzca. Es decir, lo coreogr\u00e1fico opera sobre los cuerpos que los predispone a moverse de una determinada manera incluso ante la ausencia de cuerpo.<\/p>\n<p>A trav\u00e9s de este lin\u00f3leo intervenido se especula con la m\u00e1xima: que los cuerpos que no est\u00e1n todav\u00eda ah\u00ed produzcan otras potenciales danzas a partir de las memorias transcritas y grabadas.<\/p>\n<p>&nbsp;<\/p>\n<p><strong>AUTORIA<\/strong><\/p>\n<p><strong>Javier J Hedrosa<\/strong>\u00a0es core\u00f3grafo y bailar\u00edn. Estudia el Grado en Comunicaci\u00f3n Audiovisual y Periodismo por la URJC, se grad\u00faa el Conservatorio Superior de Danza de Val\u00e8ncia y posteriormente estudia coreograf\u00eda en el CDCN de Toulouse (Francia). Su pr\u00e1ctica gira en torno al archivo, la memoria, la agencia del autor-espectador y las cuestiones locales. Su trabajo se ha mostrado en festivales como Camping (CND Paris),<br \/>\nDansa Val\u00e8ncia, 10 Sentidos, ACT Bilbao o Ripoll \u00e9s Dansa. Ha trabajado con compa\u00f1\u00edas como Norberto Llopis, Celso Gim\u00e9nez-La Tristura, Tom\u00e0s Ib\u00e1\u00f1ez-Visitants, La Coja Dansa o Annie Pui Lok. Es docente en diferentes centros de formaci\u00f3n y ha impartido clases y talleres en el Conservatorio Profesional de Danza de Valencia. Actualmente, realiza el programa de estudios ARTICULACIONS del IVAM-UV-UPV.<\/p>\n<p><strong>Paula Romero<\/strong>\u00a0es graduada en Coreograf\u00eda e Interpretaci\u00f3n de danza contempor\u00e1nea por el Conservatorio Superior de Danza de Valencia, as\u00ed como en el Conservatorio Profesional de Danza de Valencia, obteniendo el Premio extraordinario de la Comunitat Valenciana 2009. En 2010 prosigue sus estudios en Italia en el curso de perfeccionamiento para profesionales Modem Studio Atelier de la Compagnia Zappal\u00e0 Danza (Catania). Actualmente, trabaja como int\u00e9rprete-creadora en compa\u00f1\u00edas como La Coja Dansa, R.O.P.A, Panicmap, Atiro Hecho, Visitants Teatre, De Soprano y Arpa. Forma parte del colectivo Les Juntes, participa en proyectos del bailar\u00edn y creador Vicent Gisbert y desarrolla su proprio trabajo con el m\u00fasico Mart\u00ed Guillem.<\/p>\n","protected":false},"excerpt":{"rendered":"<p>Lo Memorable. Paula Romero i Javier J Hedrosa, Congreso de Estudios Teatrales, Institut del Teatre, Barcelona. &nbsp; RESUMEN DEL PROYECTO Lo Memorable\u00a0es un proyecto de investigaci\u00f3n que se centra en [&hellip;]<\/p>\n","protected":false},"author":1,"featured_media":10505,"template":"","meta":{"_acf_changed":false,"_et_pb_use_builder":"","_et_pb_old_content":"","_et_gb_content_width":"","_tribe_events_status":"","_tribe_events_status_reason":"","footnotes":""},"tags":[],"tribe_events_cat":[91],"class_list":["post-10502","tribe_events","type-tribe_events","status-publish","has-post-thumbnail","hentry","tribe_events_cat-altres-esdeveniments","cat_altres-esdeveniments"],"acf":[],"_links":{"self":[{"href":"https:\/\/profesionalesdanza.com\/es\/wp-json\/wp\/v2\/tribe_events\/10502","targetHints":{"allow":["GET"]}}],"collection":[{"href":"https:\/\/profesionalesdanza.com\/es\/wp-json\/wp\/v2\/tribe_events"}],"about":[{"href":"https:\/\/profesionalesdanza.com\/es\/wp-json\/wp\/v2\/types\/tribe_events"}],"author":[{"embeddable":true,"href":"https:\/\/profesionalesdanza.com\/es\/wp-json\/wp\/v2\/users\/1"}],"version-history":[{"count":1,"href":"https:\/\/profesionalesdanza.com\/es\/wp-json\/wp\/v2\/tribe_events\/10502\/revisions"}],"predecessor-version":[{"id":10503,"href":"https:\/\/profesionalesdanza.com\/es\/wp-json\/wp\/v2\/tribe_events\/10502\/revisions\/10503"}],"wp:featuredmedia":[{"embeddable":true,"href":"https:\/\/profesionalesdanza.com\/es\/wp-json\/wp\/v2\/media\/10505"}],"wp:attachment":[{"href":"https:\/\/profesionalesdanza.com\/es\/wp-json\/wp\/v2\/media?parent=10502"}],"wp:term":[{"taxonomy":"post_tag","embeddable":true,"href":"https:\/\/profesionalesdanza.com\/es\/wp-json\/wp\/v2\/tags?post=10502"},{"taxonomy":"tribe_events_cat","embeddable":true,"href":"https:\/\/profesionalesdanza.com\/es\/wp-json\/wp\/v2\/tribe_events_cat?post=10502"}],"curies":[{"name":"wp","href":"https:\/\/api.w.org\/{rel}","templated":true}]}}

<h2>Lo Memorable. Paula Romero i Javier J Hedrosa, Congreso de Estudios Teatrales, Institut del Teatre, Barcelona.</h2>
<p>&nbsp;</p>
<p><strong>RESUMEN DEL PROYECTO</strong></p>
<p><strong>Lo Memorable</strong> es un proyecto de investigación que se centra en la figura del espectadorx de artes escénicas. Concretamente, en la recepción de la obra por parte de estx. La pregunta principal es: ¿Qué se recuerda del hecho escénico? Teniendo en cuenta que su característica principal es su carácter efímero, la obra escénica se produce, se estrena, se repite y después no queda nada. Algunos documentos legitiman ese hecho escénico como la hoja de sala, las fotografías, la grabación, las críticas, etc. Pero, en pocas ocasiones nos centramos en la experiencia del espectador, su recuerdo y su testimonio.</p>
<p><strong>Lo Memorable</strong> es un archivo de experiencias escénicas de diferentes espectadores y espectadoras, que se han transmitido de forma oral y cuyo registro grabado, en forma de audio y transcripción, se comparten en un <a href="https://lomemorable.com/" target="_blank" rel="noopener"><strong>archivo web</strong></a>, en el que también se puede encontrar la fuente y la fecha de recepción/grabación del testimonio.</p>
<p>Además del archivo y la transcripción de los testimonios de espectadorxs, hemos querido trabajar la cuestión coreográfica. Hemos decidido inscribir memorias escénicas en un linóleo de danza, como el espacio que, por norma, sirve de soporte de quien ejecuta danzas, movimientos o actúa en un espacio escénico convencional.</p>
<p>Por una parte, grabar sobre linóleo significa quitar, rascar, escarbar y excavar en el material, pero también en las memorias de espectadorxs. Trae del pasado un recuerdo al presente y, a su vez,  el gesto de grabar en presente registra una huella o un trazo para el futuro. Esto dibuja una línea en la que pasado, presente y futuro se disuelven. Por otra parte, el origen de lo coreográfico es una idea embrionaria en la danza académica francesa del siglo XVII. En sus orígenes, <i>la escritura de la danza</i>, atendiendo a la etimología de ‘coreografía’, es un gesto o un trazo antes de que la propia danza se produzca. Es decir, lo coreográfico opera sobre los cuerpos que los predispone a moverse de una determinada manera incluso ante la ausencia de cuerpo.</p>
<p>A través de este linóleo intervenido se especula con la máxima: que los cuerpos que no están todavía ahí produzcan otras potenciales danzas a partir de las memorias transcritas y grabadas.</p>
<p>&nbsp;</p>
<p><strong>AUTORIA</strong></p>
<p><strong>Javier J Hedrosa</strong> es coreógrafo y bailarín. Estudia el Grado en Comunicación Audiovisual y Periodismo por la URJC, se gradúa el Conservatorio Superior de Danza de València y posteriormente estudia coreografía en el CDCN de Toulouse (Francia). Su práctica gira en torno al archivo, la memoria, la agencia del autor-espectador y las cuestiones locales. Su trabajo se ha mostrado en festivales como Camping (CND Paris),<br />
Dansa València, 10 Sentidos, ACT Bilbao o Ripoll és Dansa. Ha trabajado con compañías como Norberto Llopis, Celso Giménez-La Tristura, Tomàs Ibáñez-Visitants, La Coja Dansa o Annie Pui Lok. Es docente en diferentes centros de formación y ha impartido clases y talleres en el Conservatorio Profesional de Danza de Valencia. Actualmente, realiza el programa de estudios ARTICULACIONS del IVAM-UV-UPV.</p>
<p><strong>Paula Romero</strong> es graduada en Coreografía e Interpretación de danza contemporánea por el Conservatorio Superior de Danza de Valencia, así como en el Conservatorio Profesional de Danza de Valencia, obteniendo el Premio extraordinario de la Comunitat Valenciana 2009. En 2010 prosigue sus estudios en Italia en el curso de perfeccionamiento para profesionales Modem Studio Atelier de la Compagnia Zappalà Danza (Catania). Actualmente, trabaja como intérprete-creadora en compañías como La Coja Dansa, R.O.P.A, Panicmap, Atiro Hecho, Visitants Teatre, De Soprano y Arpa. Forma parte del colectivo Les Juntes, participa en proyectos del bailarín y creador Vicent Gisbert y desarrolla su proprio trabajo con el músico Martí Guillem.</p>

<p>Lo Memorable. Paula Romero i Javier J Hedrosa, Congreso de Estudios Teatrales, Institut del Teatre, Barcelona. &nbsp; RESUMEN DEL PROYECTO Lo Memorable es un proyecto de investigación que se centra en [&hellip;]</p>
