{"id":10423,"date":"2023-10-19T17:38:15","date_gmt":"2023-10-19T15:38:15","guid":{"rendered":"https:\/\/profesionalesdanza.com\/?post_type=tribe_events&#038;p=10423"},"modified":"2023-10-19T17:38:15","modified_gmt":"2023-10-19T15:38:15","slug":"mediacion-me-encanta-bailar-pero-se-me-da-fatal-en-denia","status":"publish","type":"tribe_events","link":"https:\/\/profesionalesdanza.com\/es\/evento-danza-valencia\/mediacion-me-encanta-bailar-pero-se-me-da-fatal-en-denia\/","title":{"rendered":"Mediaci\u00f3n \u00abME ENCANTA BAILAR PERO SE ME DA FATAL\u00bb en DENIA"},"content":{"rendered":"<p>El colectivo D\u00e1nzate, liderado por Andrea Dolz Burdeos y Marta Sof\u00eda Gallego Sampedro, ha elaborado una propuesta l\u00fadica de mediaci\u00f3n para conectar a diferentes comunidades locales con la danza. El objetivo es generar, a trav\u00e9s de las herramientas que ofrece la danza, procesos de di\u00e1logo, escucha e intercambio entre los cuerpos que componen la sociedad.<\/p>\n<p>Esta propuesta se desarrolla en cada cual de los 10 municipios que participan en Impuls a la Dansa 2023.<\/p>\n<p>Actividad con el apoyo del Circuit Cultural Valenci\u00e0.<\/p>\n<blockquote class=\"wp-embedded-content\" data-secret=\"xPMhSU7de9\"><p><a href=\"https:\/\/dv.ivc.gva.es\/es\/actividad\/actividades-de-mediacion-de-impuls-a-la-dansa\/\" target=\"_blank\" rel=\"noopener\">Actividades de mediaci\u00f3n de Impuls a la Dansa<\/a><\/p><\/blockquote>\n<p><iframe loading=\"lazy\" class=\"wp-embedded-content\" sandbox=\"allow-scripts\" security=\"restricted\" style=\"position: absolute; clip: rect(1px, 1px, 1px, 1px);\" title=\"\u00abActividades de mediaci\u00f3n de Impuls a la Dansa\u00bb \u2014 Dansa Valencia\" src=\"https:\/\/dv.ivc.gva.es\/es\/actividad\/actividades-de-mediacion-de-impuls-a-la-dansa\/embed\/#?secret=WcTxestFtJ#?secret=xPMhSU7de9\" data-secret=\"xPMhSU7de9\" width=\"600\" height=\"338\" frameborder=\"0\" marginwidth=\"0\" marginheight=\"0\" scrolling=\"no\"><\/iframe><\/p>\n","protected":false},"excerpt":{"rendered":"<p>El colectivo D\u00e1nzate, liderado por Andrea Dolz Burdeos y Marta Sof\u00eda Gallego Sampedro, ha elaborado una propuesta l\u00fadica de mediaci\u00f3n para conectar a diferentes comunidades locales con la danza. El [&hellip;]<\/p>\n","protected":false},"author":1,"featured_media":10412,"template":"","meta":{"_acf_changed":false,"_et_pb_use_builder":"","_et_pb_old_content":"","_et_gb_content_width":"","_tribe_events_status":"","_tribe_events_status_reason":"","footnotes":""},"tags":[],"tribe_events_cat":[91,90],"class_list":["post-10423","tribe_events","type-tribe_events","status-publish","has-post-thumbnail","hentry","tribe_events_cat-altres-esdeveniments","tribe_events_cat-espectacles","cat_altres-esdeveniments","cat_espectacles"],"acf":[],"_links":{"self":[{"href":"https:\/\/profesionalesdanza.com\/es\/wp-json\/wp\/v2\/tribe_events\/10423","targetHints":{"allow":["GET"]}}],"collection":[{"href":"https:\/\/profesionalesdanza.com\/es\/wp-json\/wp\/v2\/tribe_events"}],"about":[{"href":"https:\/\/profesionalesdanza.com\/es\/wp-json\/wp\/v2\/types\/tribe_events"}],"author":[{"embeddable":true,"href":"https:\/\/profesionalesdanza.com\/es\/wp-json\/wp\/v2\/users\/1"}],"version-history":[{"count":2,"href":"https:\/\/profesionalesdanza.com\/es\/wp-json\/wp\/v2\/tribe_events\/10423\/revisions"}],"predecessor-version":[{"id":10425,"href":"https:\/\/profesionalesdanza.com\/es\/wp-json\/wp\/v2\/tribe_events\/10423\/revisions\/10425"}],"wp:featuredmedia":[{"embeddable":true,"href":"https:\/\/profesionalesdanza.com\/es\/wp-json\/wp\/v2\/media\/10412"}],"wp:attachment":[{"href":"https:\/\/profesionalesdanza.com\/es\/wp-json\/wp\/v2\/media?parent=10423"}],"wp:term":[{"taxonomy":"post_tag","embeddable":true,"href":"https:\/\/profesionalesdanza.com\/es\/wp-json\/wp\/v2\/tags?post=10423"},{"taxonomy":"tribe_events_cat","embeddable":true,"href":"https:\/\/profesionalesdanza.com\/es\/wp-json\/wp\/v2\/tribe_events_cat?post=10423"}],"curies":[{"name":"wp","href":"https:\/\/api.w.org\/{rel}","templated":true}]}}

Mediación «ME ENCANTA BAILAR PERO SE ME DA FATAL» en DENIA

<p>El colectivo Dánzate, liderado por Andrea Dolz Burdeos y Marta Sofía Gallego Sampedro, ha elaborado una propuesta lúdica de mediación para conectar a diferentes comunidades locales con la danza. El objetivo es generar, a través de las herramientas que ofrece la danza, procesos de diálogo, escucha e intercambio entre los cuerpos que componen la sociedad.</p>
<p>Esta propuesta se desarrolla en cada cual de los 10 municipios que participan en Impuls a la Dansa 2023.</p>
<p>Actividad con el apoyo del Circuit Cultural Valencià.</p>
<blockquote class="wp-embedded-content" data-secret="xPMhSU7de9"><p><a href="https://dv.ivc.gva.es/es/actividad/actividades-de-mediacion-de-impuls-a-la-dansa/" target="_blank" rel="noopener">Actividades de mediación de Impuls a la Dansa</a></p></blockquote>
<p><iframe loading="lazy" class="wp-embedded-content" sandbox="allow-scripts" security="restricted" style="position: absolute; clip: rect(1px, 1px, 1px, 1px);" title="«Actividades de mediación de Impuls a la Dansa» — Dansa Valencia" src="https://dv.ivc.gva.es/es/actividad/actividades-de-mediacion-de-impuls-a-la-dansa/embed/#?secret=WcTxestFtJ#?secret=xPMhSU7de9" data-secret="xPMhSU7de9" width="600" height="338" frameborder="0" marginwidth="0" marginheight="0" scrolling="no"></iframe></p>

<p>El colectivo Dánzate, liderado por Andrea Dolz Burdeos y Marta Sofía Gallego Sampedro, ha elaborado una propuesta lúdica de mediación para conectar a diferentes comunidades locales con la danza. El [&hellip;]</p>
