{"id":8432,"date":"2022-01-04T11:24:24","date_gmt":"2022-01-04T09:24:24","guid":{"rendered":"https:\/\/profesionalesdanza.com\/?post_type=espais-collaboradors&#038;p=8432"},"modified":"2023-11-08T19:12:49","modified_gmt":"2023-11-08T18:12:49","slug":"centro-fisioterapia-andrea-almirante-rohm","status":"publish","type":"espais-collaboradors","link":"https:\/\/profesionalesdanza.com\/es\/directori\/espais-collaboradors\/centro-fisioterapia-andrea-almirante-rohm\/","title":{"rendered":"CENTRO FISIOTERAPIA ANDREA ALMIRANTE ROHM"},"content":{"rendered":"<h2><strong>CONVENIO CON FISIOTERAPIA ANDREA ALMIRANET ROHM\u00a0<\/strong><\/h2>\n<h3><\/h3>\n<h3><\/h3>\n<h3><strong>Un poco de ellas:<\/strong><\/h3>\n<p>Cl\u00ednica de fisioterapia Valencia que, desde 2014, ha avanzado apostando por un sistema basado en la atenci\u00f3n personalizada, el trabajo en equipo, el ejercicio terap\u00e9utico y el trabajo manual.El ejercicio como parte del tratamiento, ya que gran parte de \u00e9l est\u00e1 en manos del paciente. La fisioterapia tiene que ser activa para ser efectiva y es por ello que desde esta cl\u00ednica fisioterap\u00e9utica no trabajamos con aparatos, excepto en suelo p\u00e9lvico para el que son imprescindibles. As\u00ed, la terapia manual y el ejercicio terap\u00e9utico las consideramos nuestras mejores herramientas. La formaci\u00f3n constante de nuestro personal va destinada a un objetivo claro: que los pacientes mejoren y, con ellos, su calidad de vida.<\/p>\n<p>&nbsp;<\/p>\n<p><img loading=\"lazy\" decoding=\"async\" class=\"size-medium wp-image-8435 aligncenter\" src=\"https:\/\/profesionalesdanza.com\/wp-content\/uploads\/2022\/01\/WhatsApp-Image-2021-12-28-at-14.22.41-300x225.jpeg\" alt=\"\" width=\"300\" height=\"225\" \/><\/p>\n<p>&nbsp;<\/p>\n<h3><strong>Convenio de colaboraci\u00f3n con APDCV\u00a0<\/strong><\/h3>\n<p><strong>Descuentos para socios\u00a0<\/strong><\/p>\n<div class=\"page\" title=\"Page 2\">\n<div class=\"layoutArea\">\n<div class=\"column\">\n<ol>\n<li>Descuento de 5\u20ac en las sesiones de fisioterapia, siendo la sesi\u00f3n a 33\u20ac<\/li>\n<li>Descuento de 5\u20ac en las sesiones de fisioterapia + INDIBA, siendo la sesi\u00f3n a 37\u20ac<\/li>\n<li>Descuento de 5\u20ac en la mensualidad de las actividades de ejercicio terap\u00e9utico (Pilates), siendo la mensualidad de 2 horas\/semanales a 40\u20ac.<\/li>\n<li>Descuento de 5\u20ac en la mensualidad de la actividad de Gimnasia Abdominal Hipopresiva, siendo la mensualidad de 1 hora semanal a 40\u20ac.<\/li>\n<\/ol>\n<\/div>\n<p><a href=\"https:\/\/www.almirantefisioterapia.com\/\" target=\"_blank\" rel=\"noopener\"><strong>M\u00c1S INFO\u00a0<\/strong><\/a><\/p>\n<\/div>\n<\/div>\n","protected":false},"excerpt":{"rendered":"<p>CONVENIO CON FISIOTERAPIA ANDREA ALMIRANET ROHM\u00a0 Un poco de ellas: Cl\u00ednica de fisioterapia Valencia que, desde 2014, ha avanzado apostando por un sistema basado en la atenci\u00f3n personalizada, el trabajo [&hellip;]<\/p>\n","protected":false},"featured_media":10781,"parent":0,"menu_order":0,"template":"","format":"standard","meta":{"_acf_changed":false,"_et_pb_use_builder":"","_et_pb_old_content":"","_et_gb_content_width":""},"provincia":[31],"tipo_de_servicio":[49],"class_list":["post-8432","espais-collaboradors","type-espais-collaboradors","status-publish","format-standard","has-post-thumbnail","hentry","provincia-valencia","tipo_de_servicio-salut"],"acf":[],"_links":{"self":[{"href":"https:\/\/profesionalesdanza.com\/es\/wp-json\/wp\/v2\/espais-collaboradors\/8432","targetHints":{"allow":["GET"]}}],"collection":[{"href":"https:\/\/profesionalesdanza.com\/es\/wp-json\/wp\/v2\/espais-collaboradors"}],"about":[{"href":"https:\/\/profesionalesdanza.com\/es\/wp-json\/wp\/v2\/types\/espais-collaboradors"}],"wp:featuredmedia":[{"embeddable":true,"href":"https:\/\/profesionalesdanza.com\/es\/wp-json\/wp\/v2\/media\/10781"}],"wp:attachment":[{"href":"https:\/\/profesionalesdanza.com\/es\/wp-json\/wp\/v2\/media?parent=8432"}],"wp:term":[{"taxonomy":"provincia","embeddable":true,"href":"https:\/\/profesionalesdanza.com\/es\/wp-json\/wp\/v2\/provincia?post=8432"},{"taxonomy":"tipo_de_servicio","embeddable":true,"href":"https:\/\/profesionalesdanza.com\/es\/wp-json\/wp\/v2\/tipo_de_servicio?post=8432"}],"curies":[{"name":"wp","href":"https:\/\/api.w.org\/{rel}","templated":true}]}}

<h2><strong>CONVENIO CON FISIOTERAPIA ANDREA ALMIRANET ROHM </strong></h2>
<h3></h3>
<h3></h3>
<h3><strong>Un poco de ellas:</strong></h3>
<p>Clínica de fisioterapia Valencia que, desde 2014, ha avanzado apostando por un sistema basado en la atención personalizada, el trabajo en equipo, el ejercicio terapéutico y el trabajo manual.El ejercicio como parte del tratamiento, ya que gran parte de él está en manos del paciente. La fisioterapia tiene que ser activa para ser efectiva y es por ello que desde esta clínica fisioterapéutica no trabajamos con aparatos, excepto en suelo pélvico para el que son imprescindibles. Así, la terapia manual y el ejercicio terapéutico las consideramos nuestras mejores herramientas. La formación constante de nuestro personal va destinada a un objetivo claro: que los pacientes mejoren y, con ellos, su calidad de vida.</p>
<p>&nbsp;</p>
<p><img loading="lazy" decoding="async" class="size-medium wp-image-8435 aligncenter" src="https://profesionalesdanza.com/wp-content/uploads/2022/01/WhatsApp-Image-2021-12-28-at-14.22.41-300x225.jpeg" alt="" width="300" height="225" /></p>
<p>&nbsp;</p>
<h3><strong>Convenio de colaboración con APDCV </strong></h3>
<p><strong>Descuentos para socios </strong></p>
<div class="page" title="Page 2">
<div class="layoutArea">
<div class="column">
<ol>
<li>Descuento de 5€ en las sesiones de fisioterapia, siendo la sesión a 33€</li>
<li>Descuento de 5€ en las sesiones de fisioterapia + INDIBA, siendo la sesión a 37€</li>
<li>Descuento de 5€ en la mensualidad de las actividades de ejercicio terapéutico (Pilates), siendo la mensualidad de 2 horas/semanales a 40€.</li>
<li>Descuento de 5€ en la mensualidad de la actividad de Gimnasia Abdominal Hipopresiva, siendo la mensualidad de 1 hora semanal a 40€.</li>
</ol>
</div>
<p><a href="https://www.almirantefisioterapia.com/" target="_blank" rel="noopener"><strong>MÁS INFO </strong></a></p>
</div>
</div>

<p>CONVENIO CON FISIOTERAPIA ANDREA ALMIRANET ROHM  Un poco de ellas: Clínica de fisioterapia Valencia que, desde 2014, ha avanzado apostando por un sistema basado en la atención personalizada, el trabajo [&hellip;]</p>
