{"id":5490,"date":"2021-04-26T15:51:49","date_gmt":"2021-04-26T15:51:49","guid":{"rendered":"https:\/\/profesionalesdanza.com\/?post_type=convenios&#038;p=5490"},"modified":"2023-11-13T19:07:16","modified_gmt":"2023-11-13T18:07:16","slug":"sanat-fisioterapeutas","status":"publish","type":"espais-collaboradors","link":"https:\/\/profesionalesdanza.com\/es\/directori\/espais-collaboradors\/sanat-fisioterapeutas\/","title":{"rendered":"Sanat Fisioterapeutas"},"content":{"rendered":"<p><strong>SanaT FisioTerapeutes<\/strong>\u00a0lo forman Mercedes, Joaquin y Beatriz fisioterapeutas con una excelente formaci\u00f3n continuada en fisioterapia deportiva, traumatol\u00f3gica, reumatol\u00f3gica, ginecol\u00f3gica, neurol\u00f3gica, neurolog\u00eda pedi\u00e1trica y haciendo especial hincapie en el tratamiento de patolog\u00edas de m\u00fasicos y bailarines.<\/p>\n<p>&nbsp;<\/p>\n<h2><strong>Convenio de colaboraci\u00f3n con APDVC<\/strong><\/h2>\n<p>32 euros sesi\u00f3n de 55 minutos<\/p>\n","protected":false},"excerpt":{"rendered":"<p>SanaT FisioTerapeutes\u00a0lo forman Mercedes, Joaquin y Beatriz fisioterapeutas con una excelente formaci\u00f3n continuada en fisioterapia deportiva, traumatol\u00f3gica, reumatol\u00f3gica, ginecol\u00f3gica, neurol\u00f3gica, neurolog\u00eda pedi\u00e1trica y haciendo especial hincapie en el tratamiento de [&hellip;]<\/p>\n","protected":false},"featured_media":5538,"parent":0,"menu_order":0,"template":"","format":"standard","meta":{"_acf_changed":false,"_et_pb_use_builder":"","_et_pb_old_content":"","_et_gb_content_width":""},"provincia":[31],"tipo_de_servicio":[49],"class_list":["post-5490","espais-collaboradors","type-espais-collaboradors","status-publish","format-standard","has-post-thumbnail","hentry","provincia-valencia","tipo_de_servicio-salut"],"acf":[],"_links":{"self":[{"href":"https:\/\/profesionalesdanza.com\/es\/wp-json\/wp\/v2\/espais-collaboradors\/5490","targetHints":{"allow":["GET"]}}],"collection":[{"href":"https:\/\/profesionalesdanza.com\/es\/wp-json\/wp\/v2\/espais-collaboradors"}],"about":[{"href":"https:\/\/profesionalesdanza.com\/es\/wp-json\/wp\/v2\/types\/espais-collaboradors"}],"wp:featuredmedia":[{"embeddable":true,"href":"https:\/\/profesionalesdanza.com\/es\/wp-json\/wp\/v2\/media\/5538"}],"wp:attachment":[{"href":"https:\/\/profesionalesdanza.com\/es\/wp-json\/wp\/v2\/media?parent=5490"}],"wp:term":[{"taxonomy":"provincia","embeddable":true,"href":"https:\/\/profesionalesdanza.com\/es\/wp-json\/wp\/v2\/provincia?post=5490"},{"taxonomy":"tipo_de_servicio","embeddable":true,"href":"https:\/\/profesionalesdanza.com\/es\/wp-json\/wp\/v2\/tipo_de_servicio?post=5490"}],"curies":[{"name":"wp","href":"https:\/\/api.w.org\/{rel}","templated":true}]}}

<p><strong>SanaT FisioTerapeutes</strong> lo forman Mercedes, Joaquin y Beatriz fisioterapeutas con una excelente formación continuada en fisioterapia deportiva, traumatológica, reumatológica, ginecológica, neurológica, neurología pediátrica y haciendo especial hincapie en el tratamiento de patologías de músicos y bailarines.</p>
<p>&nbsp;</p>
<h2><strong>Convenio de colaboración con APDVC</strong></h2>
<p>32 euros sesión de 55 minutos</p>

<p>SanaT FisioTerapeutes lo forman Mercedes, Joaquin y Beatriz fisioterapeutas con una excelente formación continuada en fisioterapia deportiva, traumatológica, reumatológica, ginecológica, neurológica, neurología pediátrica y haciendo especial hincapie en el tratamiento de [&hellip;]</p>
