{"id":10790,"date":"2023-11-08T19:43:36","date_gmt":"2023-11-08T18:43:36","guid":{"rendered":"https:\/\/profesionalesdanza.com\/?post_type=espais-collaboradors&#038;p=10790"},"modified":"2023-11-13T19:06:56","modified_gmt":"2023-11-13T18:06:56","slug":"relate-dance-studio","status":"publish","type":"espais-collaboradors","link":"https:\/\/profesionalesdanza.com\/es\/directori\/espais-collaboradors\/relate-dance-studio\/","title":{"rendered":"Relate Dance Studio"},"content":{"rendered":"<p><strong>Nueva escuela de danza en Valencia:\u00a0Relatedancestudio.<\/strong><\/p>\n<p>Relate Dance Studio no es solo una escuela de danza. Tambi\u00e9n es un espacio destinado a la creaci\u00f3n e investigaci\u00f3n.<br \/>\nCuentan con dos salas equipadas con equipo de m\u00fasica, espejos y suelo de lin\u00f3leo.<br \/>\nTambi\u00e9n disponen de vestuarios.<\/p>\n<h2><\/h2>\n<h2><strong>Convenio de colaboraci\u00f3n con APDCV<\/strong><\/h2>\n<p>Si necesit\u00e1is ensayar alguna de vuestras producciones, crear coreograf\u00edas, impartir cursos y\/o talleres, Relate dance studio es vuestro sitio.<\/p>\n<p>Adem\u00e1s, con vuestro carn\u00e9 de socio\/cia tendr\u00e9is un 10% de descuento tanto en el alquiler de sala como en todas sus clases.<\/p>\n","protected":false},"excerpt":{"rendered":"<p>Nueva escuela de danza en Valencia:\u00a0Relatedancestudio. Relate Dance Studio no es solo una escuela de danza. Tambi\u00e9n es un espacio destinado a la creaci\u00f3n e investigaci\u00f3n. Cuentan con dos salas [&hellip;]<\/p>\n","protected":false},"featured_media":10793,"parent":0,"menu_order":0,"template":"","format":"standard","meta":{"_acf_changed":false,"_et_pb_use_builder":"","_et_pb_old_content":"","_et_gb_content_width":""},"provincia":[31],"tipo_de_servicio":[54,53],"class_list":["post-10790","espais-collaboradors","type-espais-collaboradors","status-publish","format-standard","has-post-thumbnail","hentry","provincia-valencia","tipo_de_servicio-espais-dassaig","tipo_de_servicio-formacio"],"acf":[],"_links":{"self":[{"href":"https:\/\/profesionalesdanza.com\/es\/wp-json\/wp\/v2\/espais-collaboradors\/10790","targetHints":{"allow":["GET"]}}],"collection":[{"href":"https:\/\/profesionalesdanza.com\/es\/wp-json\/wp\/v2\/espais-collaboradors"}],"about":[{"href":"https:\/\/profesionalesdanza.com\/es\/wp-json\/wp\/v2\/types\/espais-collaboradors"}],"wp:featuredmedia":[{"embeddable":true,"href":"https:\/\/profesionalesdanza.com\/es\/wp-json\/wp\/v2\/media\/10793"}],"wp:attachment":[{"href":"https:\/\/profesionalesdanza.com\/es\/wp-json\/wp\/v2\/media?parent=10790"}],"wp:term":[{"taxonomy":"provincia","embeddable":true,"href":"https:\/\/profesionalesdanza.com\/es\/wp-json\/wp\/v2\/provincia?post=10790"},{"taxonomy":"tipo_de_servicio","embeddable":true,"href":"https:\/\/profesionalesdanza.com\/es\/wp-json\/wp\/v2\/tipo_de_servicio?post=10790"}],"curies":[{"name":"wp","href":"https:\/\/api.w.org\/{rel}","templated":true}]}}

<p><strong>Nueva escuela de danza en Valencia: Relatedancestudio.</strong></p>
<p>Relate Dance Studio no es solo una escuela de danza. También es un espacio destinado a la creación e investigación.<br />
Cuentan con dos salas equipadas con equipo de música, espejos y suelo de linóleo.<br />
También disponen de vestuarios.</p>
<h2></h2>
<h2><strong>Convenio de colaboración con APDCV</strong></h2>
<p>Si necesitáis ensayar alguna de vuestras producciones, crear coreografías, impartir cursos y/o talleres, Relate dance studio es vuestro sitio.</p>
<p>Además, con vuestro carné de socio/cia tendréis un 10% de descuento tanto en el alquiler de sala como en todas sus clases.</p>

<p>Nueva escuela de danza en Valencia: Relatedancestudio. Relate Dance Studio no es solo una escuela de danza. También es un espacio destinado a la creación e investigación. Cuentan con dos salas [&hellip;]</p>
