{"id":11400,"date":"2024-03-20T13:23:24","date_gmt":"2024-03-20T12:23:24","guid":{"rendered":"https:\/\/profesionalesdanza.com\/?post_type=curriculums&#038;p=11400"},"modified":"2024-03-20T13:23:24","modified_gmt":"2024-03-20T12:23:24","slug":"cristina-gomez","status":"publish","type":"curriculums","link":"https:\/\/profesionalesdanza.com\/es\/curriculums\/cristina-gomez\/","title":{"rendered":"Cristina G\u00f3mez"},"content":{"rendered":"<p>Entiende la escena, el movimiento y el propio cuerpo como \u201cespacios l\u00fadicos\u201d capaces de generar reflexi\u00f3n, encuentro y transformaci\u00f3n. Entre sus montajes destacan <strong>Anhel<\/strong>, un d\u00fao desgarrador sobre la esencia del deseo y <strong>Dance is my heroine<\/strong>\u00a0un proyecto audiovisual y esc\u00e9nico que explora la relaci\u00f3n entre danza y espacio p\u00fablico, adem\u00e1s de poner en valor el legado cultural del repertorio coreogr\u00e1fico dando a conocer la Historia de la Danza. En sus piezas adem\u00e1s de movimiento, suele incluir v\u00eddeo, texto y m\u00fasica en directo. De este inter\u00e9s por la hibridaci\u00f3n de lenguajes art\u00edsticos, sobre todo de la uni\u00f3n de v\u00eddeo y danza, han surgido los cortos \u00b4Inland\u00b4 y \u00b4Aullido\u00b4, realizados junto a la videoartista Gema Iglesias.<\/p>\n","protected":false},"excerpt":{"rendered":"<p>Entiende la escena, el movimiento y el propio cuerpo como \u201cespacios l\u00fadicos\u201d capaces de generar reflexi\u00f3n, encuentro y transformaci\u00f3n. Entre sus montajes destacan Anhel, un d\u00fao desgarrador sobre la esencia [&hellip;]<\/p>\n","protected":false},"author":375,"featured_media":0,"menu_order":0,"template":"","format":"standard","meta":{"_acf_changed":false,"_et_pb_use_builder":"","_et_pb_old_content":"","_et_gb_content_width":"","footnotes":""},"provincia":[],"especialidad":[],"perfil_profesional":[],"class_list":["post-11400","curriculums","type-curriculums","status-publish","format-standard","hentry"],"acf":[],"_links":{"self":[{"href":"https:\/\/profesionalesdanza.com\/es\/wp-json\/wp\/v2\/curriculums\/11400","targetHints":{"allow":["GET"]}}],"collection":[{"href":"https:\/\/profesionalesdanza.com\/es\/wp-json\/wp\/v2\/curriculums"}],"about":[{"href":"https:\/\/profesionalesdanza.com\/es\/wp-json\/wp\/v2\/types\/curriculums"}],"author":[{"embeddable":true,"href":"https:\/\/profesionalesdanza.com\/es\/wp-json\/wp\/v2\/users\/375"}],"version-history":[{"count":4,"href":"https:\/\/profesionalesdanza.com\/es\/wp-json\/wp\/v2\/curriculums\/11400\/revisions"}],"predecessor-version":[{"id":11410,"href":"https:\/\/profesionalesdanza.com\/es\/wp-json\/wp\/v2\/curriculums\/11400\/revisions\/11410"}],"wp:attachment":[{"href":"https:\/\/profesionalesdanza.com\/es\/wp-json\/wp\/v2\/media?parent=11400"}],"wp:term":[{"taxonomy":"provincia","embeddable":true,"href":"https:\/\/profesionalesdanza.com\/es\/wp-json\/wp\/v2\/provincia?post=11400"},{"taxonomy":"especialidad","embeddable":true,"href":"https:\/\/profesionalesdanza.com\/es\/wp-json\/wp\/v2\/especialidad?post=11400"},{"taxonomy":"perfil_profesional","embeddable":true,"href":"https:\/\/profesionalesdanza.com\/es\/wp-json\/wp\/v2\/perfil_profesional?post=11400"}],"curies":[{"name":"wp","href":"https:\/\/api.w.org\/{rel}","templated":true}]}}

Cristina Gómez

<p>Entiende la escena, el movimiento y el propio cuerpo como “espacios lúdicos” capaces de generar reflexión, encuentro y transformación. Entre sus montajes destacan <strong>Anhel</strong>, un dúo desgarrador sobre la esencia del deseo y <strong>Dance is my heroine</strong> un proyecto audiovisual y escénico que explora la relación entre danza y espacio público, además de poner en valor el legado cultural del repertorio coreográfico dando a conocer la Historia de la Danza. En sus piezas además de movimiento, suele incluir vídeo, texto y música en directo. De este interés por la hibridación de lenguajes artísticos, sobre todo de la unión de vídeo y danza, han surgido los cortos ´Inland´ y ´Aullido´, realizados junto a la videoartista Gema Iglesias.</p>

<p>Entiende la escena, el movimiento y el propio cuerpo como “espacios lúdicos” capaces de generar reflexión, encuentro y transformación. Entre sus montajes destacan Anhel, un dúo desgarrador sobre la esencia [&hellip;]</p>
